*t**2 + 7*t - 4. Let k be d(7). What are the prime factors of k/w + -1 + 4?
2, 3
Suppose -4*a - 4*v + 104 = 0, 3*a = 4*v - 6*v + 73. Let i be 24/(-21)*a/(-6). Let h(d) = 11*d + 16. List the prime factors of h(i).
2, 3, 5
Let z(x) = 3*x**2 + 8*x - 20. Let l be z(4). Let q be 1/(0 + -1)*34. Let w = l + q. List the prime factors of w.
2, 13
Suppose -5597 = -10*j + 27243. What are the prime factors of j?
2, 821
Let m be -3 + 4*3/4. Suppose 0*a - 3*a + 6 = m. Suppose -4*l = -2*p + 56, a*p + 4*l - 58 = 6*l. List the prime factors of p.
2, 3, 5
Let k = 718 + -318. List the prime factors of k.
2, 5
List the prime factors of (-2 - (5240 - 0))*(-4)/8.
2621
Let x(f) = f**2 - 3*f + 4. Let z be x(3). Suppose z*w - 102 = 386. Let u = w - 83. What are the prime factors of u?
3, 13
Let c(k) = k**3 + 5*k**2 - 2. Let u be c(-4). Suppose 0 = 4*p - 6 - u. Suppose 4*h = p*i + 157, -2*i = -h - 1 + 41. What are the prime factors of h?
2, 19
Suppose -h - 1904 = -8*h. What are the prime factors of h?
2, 17
Let i(a) = -a + 30. Let p be (-2)/(-8) - 14/56. What are the prime factors of i(p)?
2, 3, 5
Let t be 12/(6/(-2)) - -4. Suppose -5*i + t*y = 3*y - 73, -2*y = 3*i - 43. Let o(g) = g**3 - 18*g**2 + 18*g - 5. List the prime factors of o(i).
2, 3
Suppose -35*o = -24*o - 1628. List the prime factors of o.
2, 37
Suppose 10*o = 7*o + 15. Suppose -240 = -b + 4*y, o*b - 3*y = -2*y + 1295. List the prime factors of b.
2, 5, 13
Suppose -15 = 5*r + 3*s, 5*r - 9*s + 5 = -10*s. Suppose -3*u + 216 = 3*f, r*u + 5*u - 356 = -4*f. List the prime factors of u.
2, 17
Let z(c) = 3*c**3 - 22*c**2 + 4*c + 1. List the prime factors of z(13).
2, 7, 11, 19
Let r(s) = s**3 + 6*s**2 + 4*s + 4. Let t be r(-5). Let o = -5 + t. List the prime factors of -3 + o + 15 - 2.
2, 7
Let b be 1/((-4)/12) + 8. Suppose 39 = 3*g - i, 0*g + 5*i - 45 = -b*g. What are the prime factors of g?
2, 3
Let s = -206 - -480. What are the prime factors of s?
2, 137
Let v(q) = 13 + 11 - 2*q - 1. What are the prime factors of v(-17)?
3, 19
Let i(h) = -2*h**2 - 58 - 11*h**2 + 14*h**2 + 11*h. What are the prime factors of i(-18)?
2, 17
Let g = 52 + -39. Let q(s) = 6*s - 1. Let o be q(1). Suppose -w + 155 = o*b + 2*w, -3*w = -b + g. What are the prime factors of b?
2, 7
Let t = -454 + 642. Suppose 5*m + n = 211, t = 4*m + 2*n - 6*n. What are the prime factors of m?
43
Suppose 5*n - 580 = -240. Suppose -s + 30 = 4*s. What are the prime factors of (-1)/3 + n/s?
11
Let f = 4 + 16. Suppose -72*r - 10 = -74*r. Suppose -q - f = -r*q, -q = d - 24. What are the prime factors of d?
19
Let y = -9 + 9. Let r(s) = -2*s**3 - 6*s + 7 - 5*s**3 + y*s**3 + 7*s**2 + 6*s**3. List the prime factors of r(6).
7
Let m(s) = 8*s**2 - 3*s - 2. Let o(u) = u**3 - 12*u**2 - 12*u - 14. Let f be o(13). List the prime factors of m(f).
3
Suppose 4*v - 8 = -0*v. Let s = 0 + v. Suppose -s*j - 2*j = 4*r - 44, 5*j + 3*r = 65. List the prime factors of j.
2
Let j(n) = -n**3 + n**2 + 5*n + 6. Suppose -p = 10 - 7. What are the prime factors of j(p)?
3
Let q(l) = l**3 + 6*l**2 + l + 7. Let x be q(-6). Let o be 8/(-10)*(6 - x). Let s = 15 - o. What are the prime factors of s?
19
Let a(u) = 4*u**2 - 6*u - 1. Let b be a(3). Let j = -56 + b. Let n = j - -68. What are the prime factors of n?
29
Let c(m) = -11*m + 2*m**2 + 19 - 3*m**2 + 2*m - m**3 + 13*m**2. List the prime factors of c(11).
41
Let i(y) = -2*y**2 - 23*y + 4. Let c(f) = -f**3 + f**2 + 5*f - 7. Let o be c(3). List the prime factors of i(o).
2, 17
What are the prime factors of (5 + (-771)/21)/((-3)/63)?
2, 3, 37
Let x(z) = -z**3 + 11*z**2 + 3*z - 13. Let g = 54 + -44. List the prime factors of x(g).
3, 13
Let c = -22 - -70. Suppose t = 29 + c. Let x = t - 52. What are the prime factors of x?
5
List the prime factors of (-2559 + 6)*((-52)/(-12) - 5).
2, 23, 37
Let g be ((-2)/(-7))/((-3)/(-21))*4. Suppose g*p - 2*p = 390. What are the prime factors of p?
5, 13
Let f be 2*(-3)/8*-4. Suppose 0 = 3*d - 0*p + f*p + 12, 5*p + 11 = -4*d. What are the prime factors of -2*d/6 - -3?
2, 3
Let a = -217 - -224. Let n(r) be the second derivative of r**3/3 - 2*r**2 + 2*r. What are the prime factors of n(a)?
2, 5
Suppose -f + 2*l = -1690, 43*l - 1705 = -f + 40*l. List the prime factors of f.
2, 53
Let j(c) = 99*c + 86*c + 9 - 167*c. List the prime factors of j(4).
3
Suppose 35*k - 44 = 31*k. Let a(d) = d**2 - 4*d + 5. List the prime factors of a(k).
2, 41
Let o(v) = -279*v - 386. List the prime factors of o(-6).
2, 7, 23
Let y(i) = 59*i**2 + 10*i + 26. What are the prime factors of y(-6)?
2, 5, 11, 19
Let o be -4*(-75)/6 - -4. Let c = o + -39. What are the prime factors of c?
3, 5
Suppose -4*r - 840 = 2*u - 3878, 6*r + u - 4563 = 0. What are the prime factors of r?
761
Let q be (10/(-6))/((-6)/(-18)*-1). Suppose q*u = 10*u - 110. What are the prime factors of u?
2, 11
Suppose -2*a = 3*a - 25, 0 = 2*x + 3*a - 23. Suppose x*i = 68 + 64. List the prime factors of i.
3, 11
Let p(d) = -d**3 + 8*d**2 - 6*d - 9. Let t be p(7). List the prime factors of t - (0 - 4) - -11.
13
What are the prime factors of 9324/20 - (-8)/10?
467
Let u = 39 - 45. List the prime factors of ((-9)/6)/(3/u).
3
Let p = 43 + -22. Suppose 0 = 8*g - 7*g - p. List the prime factors of g.
3, 7
Let c(u) = -5*u**2 - 4*u - 6. Let a(y) = -3*y**2 - 2*y - 3. Let n(j) = -7*a(j) + 3*c(j). List the prime factors of n(-4).
7, 13
Suppose 5*m + 11 = 3*m - y, -2*m + 2*y = 8. Suppose -f + 2*f - 2 = 0. List the prime factors of (f/m)/(9/(-90)).
2
Let v(j) = -3*j**3 + 1. Let k be v(-1). Suppose d + 0*d = -2*n + k, 3*d - 5*n = 1. Suppose -d*w = -31 - 15. What are the prime factors of w?
23
Let b be (82 - -4)/((-4)/(-6)). Suppose -4*t = 17 - b. Suppose -5*v + t + 122 = 0. What are the prime factors of v?
2, 3, 5
Let z = 1136 + -345. What are the prime factors of z?
7, 113
Suppose -2*z + 1421 = -1195. List the prime factors of z.
2, 3, 109
Let z = -67 - -99. Let p be 2/(-6) - z/12. Let l(b) = -5*b + 4. What are the prime factors of l(p)?
19
Suppose 4*v - 3*v - 3 = 0. Suppose -16 = -2*w + 4*h, v*h - 2*h = 4*w - 11. List the prime factors of w.
2
Let l(w) = -4*w - 13. Let z be l(-14). Suppose 34*s = z*s - 864. What are the prime factors of s?
2, 3
Suppose -10 = -5*m - 5. List the prime factors of 58 + (m - 5) + 5.
59
Let x(b) = 48*b + 2. Let t be x(-3). What are the prime factors of (-2)/7 + t/(-7)?
2, 5
Suppose 9*v = -3*w + 4*v + 300, 5*w + 2*v = 500. Let l = w + -63. List the prime factors of l.
37
Let u(i) = 6*i - 1 - 2*i - 5*i - 1. Let d be ((-18)/(-7))/(3/(-14)). List the prime factors of u(d).
2, 5
Let f be 6/(1 - -1)*1. Suppose -d + f*o - 4 = -10, -5*d = 2*o - 47. What are the prime factors of d?
3
Let a be (-5 - -2) + 3 + 3. Suppose 3*q = -7*i + 4*i + 984, -4*i = -a*q - 1305. List the prime factors of i/15 + (-2)/(-10).
2, 11
Let m = 9 - 6. Suppose 0 = m*b - 0 - 15. Suppose -5*k - s + 6*s - b = 0, 0 = 3*s - 12. What are the prime factors of k?
3
Let k(t) = 4*t**2 + 2*t - 1. Let c be k(1). Suppose c*w - 55 = -10. What are the prime factors of (9/6)/(w/42)?
7
Let i = 11 + -16. Let h = i + 5. What are the prime factors of 29 - -10 - (h - -4)?
5, 7
Suppose 0 = 4*u - 404 + 152. Let l = -9 - -24. Suppose 3 - l = 4*p, -2*i = -3*p - u. List the prime factors of i.
3
Let w(c) be the first derivative of -c**4/2 + 2*c**3/3 - c**2 - 2*c - 6. List the prime factors of w(-3).
2, 19
Let l = 6301 + -3605. List the prime factors of l.
2, 337
Let x(y) = -2*y**3 + 49*y**2 + 50*y + 48. What are the prime factors of x(25)?
673
What are the prime factors of -1 + 489 - ((-36)/(-6) + -2)?
2, 11
Let u be 108/(-8)*(-64)/(-12). Suppose -5*j + 6*g - 108 = 2*g, j = -3*g - 14. Let i = j - u. What are the prime factors of i?
2, 13
Suppose 0 = -5*c - u + 23, -2*c - u = -8 - 0. Let b = 0 + c. Suppose 3*t = 3*q + 9, 2*t - 3*t + b*q = 5. What are the prime factors of t?
5
What are the prime factors of (-313)/(-4*5/20)?
313
Suppose -21 - 149 = 5*t. Let j = 75 - t. What are the prime factors of j?
109
Let p = -71 - -90. What are the prime factors of p?
19
Let p(x) = 629*x**3 - x**2. What are the prime factors of p(1)?
2, 157
Let k be 2/(-4) - (-199)/2. Let p = 47 + -44. Suppose -p*f = 33 - k. List the prime factors of f.
2, 11
Let v be (-2 - 0)*(-15)/10. Suppose 3*d = -9, v*y - d = 7 + 2. Suppose -y*a = -13